{"id":29,"date":"2025-04-06T19:28:17","date_gmt":"2025-04-06T17:28:17","guid":{"rendered":"https:\/\/www.klubsermusnina.sk\/klub\/domov\/"},"modified":"2025-12-25T12:30:57","modified_gmt":"2025-12-25T11:30:57","slug":"domov","status":"publish","type":"page","link":"https:\/\/www.klubsermusnina.sk\/klub\/","title":{"rendered":"Klub \u0161ermu Snina"},"content":{"rendered":"\n<div class=\"wp-block-group alignfull has-tertiary-background-color has-background has-global-padding is-layout-constrained wp-block-group-is-layout-constrained\" style=\"margin-top:0;margin-bottom:0;padding-top:var(--wp--preset--spacing--60);padding-bottom:var(--wp--preset--spacing--60)\">\n<figure class=\"wp-block-image size-large\"><img loading=\"lazy\" decoding=\"async\" width=\"1024\" height=\"724\" src=\"https:\/\/www.klubsermusnina.sk\/klub\/wp-content\/uploads\/2025\/12\/Messenger_creation_E809B6DE-2351-437C-98F6-1493D1F03B8B-1024x724.jpeg\" alt=\"\" class=\"wp-image-273\" srcset=\"https:\/\/www.klubsermusnina.sk\/klub\/wp-content\/uploads\/2025\/12\/Messenger_creation_E809B6DE-2351-437C-98F6-1493D1F03B8B-1024x724.jpeg 1024w, https:\/\/www.klubsermusnina.sk\/klub\/wp-content\/uploads\/2025\/12\/Messenger_creation_E809B6DE-2351-437C-98F6-1493D1F03B8B-300x212.jpeg 300w, https:\/\/www.klubsermusnina.sk\/klub\/wp-content\/uploads\/2025\/12\/Messenger_creation_E809B6DE-2351-437C-98F6-1493D1F03B8B-768x543.jpeg 768w, https:\/\/www.klubsermusnina.sk\/klub\/wp-content\/uploads\/2025\/12\/Messenger_creation_E809B6DE-2351-437C-98F6-1493D1F03B8B-1536x1086.jpeg 1536w, https:\/\/www.klubsermusnina.sk\/klub\/wp-content\/uploads\/2025\/12\/Messenger_creation_E809B6DE-2351-437C-98F6-1493D1F03B8B.jpeg 2048w\" sizes=\"auto, (max-width: 1024px) 100vw, 1024px\" \/><\/figure>\n<\/div>\n\n\n\n<div class=\"wp-block-group alignfull has-global-padding is-layout-constrained wp-block-group-is-layout-constrained\">\n<div class=\"wp-block-group alignfull has-background-background-color has-background has-global-padding is-content-justification-center is-layout-constrained wp-container-core-group-is-layout-28196d0b wp-block-group-is-layout-constrained\" style=\"margin-top:0;margin-bottom:0;padding-top:var(--wp--preset--spacing--50);padding-right:var(--wp--preset--spacing--30);padding-bottom:var(--wp--preset--spacing--60);padding-left:var(--wp--preset--spacing--30)\">\n<div class=\"wp-block-group has-global-padding is-layout-constrained wp-block-group-is-layout-constrained\">\n<p class=\"has-text-align-right\" style=\"margin-top:16px\">\u0160erm za\u010dal p\u00edsa\u0165 svoju hist\u00f3riu v meste Snina 22. febru\u00e1ra 1981.Vznikom Telov\u00fdchovnej jednoty Jas za\u010dal svoju \u010dinnos\u0165 aj oddiel \u0161ermu. Zakladaj\u00facimi \u010dlenmi boli : Kaz\u00edk Dalibor, Be\u010dka J\u00e1n, Marini\u010d Peter a Bedn\u00e1rik Franti\u0161ek. Telocvi\u010d\u0148a na Z\u00e1kladnej \u0161kole na ulici \u0160tudentskej sa stala st\u00e1nkom sninsk\u00fdch \u0161ermiarov od ich za\u010diatku a je n\u00edm dodnes. Na prv\u00fd n\u00e1bor sa prihl\u00e1silo 22 det\u00ed, z ktor\u00fdch do konca sez\u00f3ny vytrvalo 12. Prv\u00fdm predsedom oddielu sa stal Kaz\u00edk Dalibor, ktor\u00fd svoje \u0161ermiarske sk\u00fasenosti spolu s Be\u010dkom J\u00e1nom priniesol z Lokomot\u00edvy Topo\u013e\u010dany, kde obaja akt\u00edvne p\u00f4sobili.<\/p>\n\n\n\n<figure class=\"wp-block-image aligncenter size-full is-resized\"><img loading=\"lazy\" decoding=\"async\" width=\"621\" height=\"472\" src=\"https:\/\/www.klubsermusnina.sk\/klub\/wp-content\/uploads\/2025\/04\/image.png\" alt=\"\" class=\"wp-image-89\" style=\"aspect-ratio:1.3157342198504003;width:672px;height:auto\" srcset=\"https:\/\/www.klubsermusnina.sk\/klub\/wp-content\/uploads\/2025\/04\/image.png 621w, https:\/\/www.klubsermusnina.sk\/klub\/wp-content\/uploads\/2025\/04\/image-300x228.png 300w\" sizes=\"auto, (max-width: 621px) 100vw, 621px\" \/><\/figure>\n\n\n\n<p class=\"has-text-align-left\" style=\"margin-top:16px\">V roku 1989 sa oddiel osamostatnil a vznikol Klub \u0161ermu Jas Snina a od roku 1995 nesie teraj\u0161\u00ed n\u00e1zov Klub \u0161ermu Snina. T\u00fdm, \u017ee Klub ostal pri kordov\u00fdch discipl\u00ednach sa uk\u00e1zalo ako dobr\u00fd \u0165ah. Pri\u0161li prv\u00e9 ,no nie posledn\u00e9 \u00faspechy z dom\u00e1cich, majstrovsk\u00fdch a zahrani\u010dn\u00fdch turnajov. V roku 1998 s podporou Slovensk\u00e9ho \u0161ermiarskeho zv\u00e4zu bolo v Snine na Z\u00e1kladnej \u0161kole \u0160tudentsk\u00e1 ako prv\u00e9 na Slovensku zriaden\u00e9 \u0160kolsk\u00e9 \u0161portov\u00e9 stredisko so zameran\u00edm na \u0161erm. Jeho \u00falohou mimo in\u00e9ho je aj pomoc \u010fal\u0161\u00edm \u0161ermiarskym klubom na V\u00fdchodnom Slovensku zameran\u00fdm na v\u00fdchovu ml\u00e1de\u017ee (Pre\u0161ov, Ko\u0161ice). Toto stredisko z v\u00e4\u010d\u0161ej \u010dasti financuje Klub a v s\u00fa\u010dasnosti prvoradou \u00falohou je z\u00edska\u0165 prostriedky na kvalitnej\u0161ie pr\u00edstrojov\u00e9 vybavenie na tr\u00e9ningov\u00fd proces a u ml\u00e1de\u017ee prebudi\u0165 z\u00e1ujem o t\u00fato \u0161portov\u00fa discipl\u00ednu.<\/p>\n<\/div>\n\n\n\n<div class=\"wp-block-columns alignwide are-vertically-aligned-center is-layout-flex wp-container-core-columns-is-layout-28f84493 wp-block-columns-is-layout-flex\">\n<div class=\"wp-block-column is-vertically-aligned-center is-layout-flow wp-block-column-is-layout-flow\" style=\"flex-basis:30%\"><\/div>\n\n\n\n<div class=\"wp-block-column is-layout-flow wp-block-column-is-layout-flow\"><\/div>\n\n\n\n<div class=\"wp-block-column is-layout-flow wp-block-column-is-layout-flow\">\n<figure class=\"wp-block-image size-large is-resized\"><img loading=\"lazy\" decoding=\"async\" width=\"1024\" height=\"768\" src=\"https:\/\/www.klubsermusnina.sk\/klub\/wp-content\/uploads\/2025\/12\/20251213_140522-1024x768.jpg\" alt=\"\" class=\"wp-image-272\" style=\"width:361px;height:auto\" srcset=\"https:\/\/www.klubsermusnina.sk\/klub\/wp-content\/uploads\/2025\/12\/20251213_140522-1024x768.jpg 1024w, https:\/\/www.klubsermusnina.sk\/klub\/wp-content\/uploads\/2025\/12\/20251213_140522-300x225.jpg 300w, https:\/\/www.klubsermusnina.sk\/klub\/wp-content\/uploads\/2025\/12\/20251213_140522-768x576.jpg 768w, https:\/\/www.klubsermusnina.sk\/klub\/wp-content\/uploads\/2025\/12\/20251213_140522-1536x1152.jpg 1536w, https:\/\/www.klubsermusnina.sk\/klub\/wp-content\/uploads\/2025\/12\/20251213_140522-2048x1536.jpg 2048w\" sizes=\"auto, (max-width: 1024px) 100vw, 1024px\" \/><\/figure>\n<\/div>\n\n\n\n<div class=\"wp-block-column is-vertically-aligned-center is-layout-flow wp-block-column-is-layout-flow\" style=\"flex-basis:50%\"><\/div>\n\n\n\n<div class=\"wp-block-column is-vertically-aligned-center is-layout-flow wp-block-column-is-layout-flow\" style=\"flex-basis:30%\"><\/div>\n<\/div>\n\n\n<\/div>\n<\/div>\n\n\n\n<p><\/p>\n","protected":false},"excerpt":{"rendered":"<p>\u0160erm za\u010dal p\u00edsa\u0165 svoju hist\u00f3riu v meste Snina 22. febru\u00e1ra 1981.Vznikom Telov\u00fdchovnej jednoty Jas za\u010dal svoju \u010dinnos\u0165 aj oddiel \u0161ermu. Zakladaj\u00facimi \u010dlenmi boli : Kaz\u00edk Dalibor, Be\u010dka J\u00e1n, Marini\u010d Peter [&hellip;]<\/p>\n","protected":false},"author":1,"featured_media":0,"parent":0,"menu_order":0,"comment_status":"closed","ping_status":"closed","template":"no-title","meta":{"_EventAllDay":false,"_EventTimezone":"","_EventStartDate":"","_EventEndDate":"","_EventStartDateUTC":"","_EventEndDateUTC":"","_EventShowMap":false,"_EventShowMapLink":false,"_EventURL":"","_EventCost":"","_EventCostDescription":"","_EventCurrencySymbol":"","_EventCurrencyCode":"","_EventCurrencyPosition":"","_EventDateTimeSeparator":"","_EventTimeRangeSeparator":"","_EventOrganizerID":[],"_EventVenueID":[],"_OrganizerEmail":"","_OrganizerPhone":"","_OrganizerWebsite":"","_VenueAddress":"","_VenueCity":"","_VenueCountry":"","_VenueProvince":"","_VenueState":"","_VenueZip":"","_VenuePhone":"","_VenueURL":"","_VenueStateProvince":"","_VenueLat":"","_VenueLng":"","_VenueShowMap":false,"_VenueShowMapLink":false,"footnotes":""},"class_list":["post-29","page","type-page","status-publish","hentry"],"aioseo_notices":[],"_links":{"self":[{"href":"https:\/\/www.klubsermusnina.sk\/klub\/wp-json\/wp\/v2\/pages\/29","targetHints":{"allow":["GET"]}}],"collection":[{"href":"https:\/\/www.klubsermusnina.sk\/klub\/wp-json\/wp\/v2\/pages"}],"about":[{"href":"https:\/\/www.klubsermusnina.sk\/klub\/wp-json\/wp\/v2\/types\/page"}],"author":[{"embeddable":true,"href":"https:\/\/www.klubsermusnina.sk\/klub\/wp-json\/wp\/v2\/users\/1"}],"replies":[{"embeddable":true,"href":"https:\/\/www.klubsermusnina.sk\/klub\/wp-json\/wp\/v2\/comments?post=29"}],"version-history":[{"count":16,"href":"https:\/\/www.klubsermusnina.sk\/klub\/wp-json\/wp\/v2\/pages\/29\/revisions"}],"predecessor-version":[{"id":280,"href":"https:\/\/www.klubsermusnina.sk\/klub\/wp-json\/wp\/v2\/pages\/29\/revisions\/280"}],"wp:attachment":[{"href":"https:\/\/www.klubsermusnina.sk\/klub\/wp-json\/wp\/v2\/media?parent=29"}],"curies":[{"name":"wp","href":"https:\/\/api.w.org\/{rel}","templated":true}]}}