{"id":25,"date":"2025-04-06T19:28:15","date_gmt":"2025-04-06T17:28:15","guid":{"rendered":"https:\/\/www.klubsermusnina.sk\/klub\/o-nas\/"},"modified":"2026-03-01T18:18:54","modified_gmt":"2026-03-01T17:18:54","slug":"o-nas","status":"publish","type":"page","link":"https:\/\/www.klubsermusnina.sk\/klub\/o-nas\/","title":{"rendered":"Tabu\u013eky"},"content":{"rendered":"\n<div class=\"wp-block-group alignfull has-foreground-background-color has-background has-global-padding is-layout-constrained wp-block-group-is-layout-constrained\" style=\"margin-top:0;margin-bottom:0;padding-top:0;padding-bottom:0\">\n<div class=\"wp-block-group alignwide has-global-padding is-layout-constrained wp-block-group-is-layout-constrained\" style=\"padding-top:var(--wp--preset--spacing--30);padding-bottom:var(--wp--preset--spacing--30)\">\n<h1 class=\"wp-block-heading alignwide has-text-align-center has-background-color has-text-color\" style=\"font-size:clamp(0.875rem, 0.875rem + ((1vw - 0.2rem) * 0.625), 1.25rem);\">Tabu\u013eky<\/h1>\n<\/div>\n<\/div>\n\n\n\n<div class=\"wp-block-group alignfull has-background-background-color has-background has-global-padding is-layout-constrained wp-container-core-group-is-layout-7276a2bb wp-block-group-is-layout-constrained\" id=\"tim\" style=\"margin-top:0;margin-bottom:0;padding-top:var(--wp--preset--spacing--60);padding-right:var(--wp--preset--spacing--30);padding-bottom:var(--wp--preset--spacing--60);padding-left:var(--wp--preset--spacing--30)\">\n<p class=\"has-primary-color has-secondary-background-color has-text-color has-background has-link-color wp-elements-c5094e779e0deb86828e7b2eb875db45\"><strong> REBR\u00cd\u010cKY<\/strong><\/p>\n\n\n\n<div class=\"wp-block-columns alignwide is-layout-flex wp-container-core-columns-is-layout-28f84493 wp-block-columns-is-layout-flex\">\n<div class=\"wp-block-column is-vertically-aligned-stretch is-layout-flow wp-container-core-column-is-layout-8a368f38 wp-block-column-is-layout-flow\">\n<div class=\"wp-block-buttons is-layout-flex wp-block-buttons-is-layout-flex\">\n<div class=\"wp-block-button\"><a class=\"wp-block-button__link has-secondary-background-color has-background wp-element-button\" href=\"https:\/\/www.klubsermusnina.sk\/klub\/wp-content\/uploads\/2025\/08\/FV_SENIORKY-SLOV_POHAR.pdf\">Seniorky<\/a><\/div>\n<\/div>\n\n\n\n<div class=\"wp-block-buttons is-layout-flex wp-block-buttons-is-layout-flex\">\n<div class=\"wp-block-button\"><a class=\"wp-block-button__link has-secondary-background-color has-background wp-element-button\" href=\"https:\/\/www.klubsermusnina.sk\/klub\/wp-content\/uploads\/2026\/03\/k-juniorky-25.pdf\">Juniorky<\/a><\/div>\n<\/div>\n<\/div>\n\n\n\n<div class=\"wp-block-column is-layout-flow wp-container-core-column-is-layout-8a368f38 wp-block-column-is-layout-flow\">\n<div class=\"wp-block-buttons is-layout-flex wp-block-buttons-is-layout-flex\">\n<div class=\"wp-block-button\"><a class=\"wp-block-button__link has-tertiary-background-color has-background wp-element-button\" href=\"https:\/\/www.klubsermusnina.sk\/klub\/wp-content\/uploads\/2025\/08\/FV_SENIORI-SLOV_POHAR-1.pdf\">Seniori<\/a><\/div>\n<\/div>\n\n\n\n<div class=\"wp-block-buttons is-layout-flex wp-block-buttons-is-layout-flex\">\n<div class=\"wp-block-button\"><a class=\"wp-block-button__link has-tertiary-background-color has-background wp-element-button\" href=\"https:\/\/www.klubsermusnina.sk\/klub\/wp-content\/uploads\/2026\/03\/k-juniori-25-1.pdf\">Juniori<\/a><\/div>\n<\/div>\n<\/div>\n\n\n\n<div class=\"wp-block-column is-layout-flow wp-container-core-column-is-layout-8a368f38 wp-block-column-is-layout-flow\">\n<div class=\"wp-block-buttons is-layout-flex wp-block-buttons-is-layout-flex\">\n<div class=\"wp-block-button\"><a class=\"wp-block-button__link has-secondary-background-color has-background wp-element-button\" href=\"https:\/\/www.klubsermusnina.sk\/klub\/wp-content\/uploads\/2025\/08\/FV_KADETKY.xlsx-SLOV_POHAR-3.pdf\">Kadetky<\/a><\/div>\n<\/div>\n\n\n\n\n\n<div class=\"wp-block-buttons is-layout-flex wp-block-buttons-is-layout-flex\">\n<div class=\"wp-block-button\"><a class=\"wp-block-button__link has-secondary-background-color has-background wp-element-button\" href=\"https:\/\/www.klubsermusnina.sk\/klub\/wp-content\/uploads\/2026\/03\/k-stziacky-25.pdf\">Star\u0161ie \u017eia\u010dky<\/a><\/div>\n<\/div>\n\n\n\n\n\n<div class=\"wp-block-buttons is-layout-flex wp-block-buttons-is-layout-flex\">\n<div class=\"wp-block-button\"><a class=\"wp-block-button__link has-secondary-background-color has-background wp-element-button\">Mlad\u0161ie \u017eia\u010dky<\/a><\/div>\n<\/div>\n<\/div>\n\n\n\n<div class=\"wp-block-column is-layout-flow wp-container-core-column-is-layout-8a368f38 wp-block-column-is-layout-flow\">\n<div class=\"wp-block-buttons is-layout-flex wp-block-buttons-is-layout-flex\">\n<div class=\"wp-block-button\"><a class=\"wp-block-button__link has-tertiary-background-color has-background wp-element-button\" href=\"https:\/\/www.klubsermusnina.sk\/klub\/wp-content\/uploads\/2025\/08\/KADETI_FV.xlsx-SLOV_POHAR-3.pdf\">Kadeti<\/a><\/div>\n<\/div>\n\n\n\n<div class=\"wp-block-buttons is-layout-flex wp-block-buttons-is-layout-flex\">\n<div class=\"wp-block-button\"><a class=\"wp-block-button__link has-tertiary-background-color has-background wp-element-button\" href=\"https:\/\/www.klubsermusnina.sk\/klub\/wp-content\/uploads\/2026\/03\/k-stziaci-25-1.pdf\">Star\u0161\u00ed \u017eiaci<\/a><\/div>\n<\/div>\n\n\n\n<div class=\"wp-block-buttons is-layout-flex wp-block-buttons-is-layout-flex\">\n<div class=\"wp-block-button\"><a class=\"wp-block-button__link has-tertiary-background-color has-background wp-element-button\">Mlad\u0161\u00ed \u017eiaci<\/a><\/div>\n<\/div>\n<\/div>\n<\/div>\n\n\n\n<div class=\"wp-block-group alignfull has-tertiary-background-color has-background is-vertical is-layout-flex wp-container-core-group-is-layout-f2bee41a wp-block-group-is-layout-flex\" id=\"o-nas\" style=\"margin-top:0;margin-bottom:0;padding-top:var(--wp--preset--spacing--60);padding-right:var(--wp--preset--spacing--30);padding-bottom:var(--wp--preset--spacing--60);padding-left:var(--wp--preset--spacing--30)\">\n<div class=\"wp-block-group is-content-justification-center is-nowrap is-layout-flex wp-container-core-group-is-layout-23441af8 wp-block-group-is-layout-flex\">\n<div class=\"wp-block-group has-global-padding is-layout-constrained wp-block-group-is-layout-constrained\">\n<div class=\"wp-block-buttons is-layout-flex wp-block-buttons-is-layout-flex\">\n<div class=\"wp-block-button\"><a class=\"wp-block-button__link wp-element-button\">Medailisti klubu<\/a><\/div>\n<\/div>\n\n\n\n<div data-wp-interactive=\"core\/file\" class=\"wp-block-file\"><object data-wp-bind--hidden=\"!state.hasPdfPreview\" hidden class=\"wp-block-file__embed\" data=\"https:\/\/www.klubsermusnina.sk\/klub\/wp-content\/uploads\/2025\/12\/Medailisti-Klubu-od-r.-1981-1.pdf\" type=\"application\/pdf\" style=\"width:100%;height:200px\" aria-label=\"Vlo\u017ei\u0165 Medailisti Klubu od r. 1981.\"><\/object><a id=\"wp-block-file--media-dcc80cee-af0a-42f4-a7cb-8222bd36e2fb\" href=\"https:\/\/www.klubsermusnina.sk\/klub\/wp-content\/uploads\/2025\/12\/Medailisti-Klubu-od-r.-1981-1.pdf\">Medailisti Klubu od r. 1981<\/a><a href=\"https:\/\/www.klubsermusnina.sk\/klub\/wp-content\/uploads\/2025\/12\/Medailisti-Klubu-od-r.-1981-1.pdf\" class=\"wp-block-file__button wp-element-button\" download aria-describedby=\"wp-block-file--media-dcc80cee-af0a-42f4-a7cb-8222bd36e2fb\">Stiahnu\u0165<\/a><\/div>\n\n\n\n<div class=\"wp-block-buttons is-layout-flex wp-container-core-buttons-is-layout-168ce233 wp-block-buttons-is-layout-flex\">\n<div class=\"wp-block-button\"><a class=\"wp-block-button__link wp-element-button\">Reprezentanti<\/a><\/div>\n<\/div>\n\n\n\n<div data-wp-interactive=\"core\/file\" class=\"wp-block-file\"><object data-wp-bind--hidden=\"!state.hasPdfPreview\" hidden class=\"wp-block-file__embed\" data=\"https:\/\/www.klubsermusnina.sk\/klub\/wp-content\/uploads\/2025\/12\/Reprezentanti-SR-z-KS-Snina.pdf\" type=\"application\/pdf\" style=\"width:100%;height:200px\" aria-label=\"Vlo\u017ei\u0165 Reprezentanti SR z K\u0160 Snina.\"><\/object><a id=\"wp-block-file--media-7cb04157-18b3-47dc-85c8-34586cf87395\" href=\"https:\/\/www.klubsermusnina.sk\/klub\/wp-content\/uploads\/2025\/12\/Reprezentanti-SR-z-KS-Snina.pdf\">Reprezentanti SR z K\u0160 Snina<\/a><a href=\"https:\/\/www.klubsermusnina.sk\/klub\/wp-content\/uploads\/2025\/12\/Reprezentanti-SR-z-KS-Snina.pdf\" class=\"wp-block-file__button wp-element-button\" download aria-describedby=\"wp-block-file--media-7cb04157-18b3-47dc-85c8-34586cf87395\">Stiahnu\u0165<\/a><\/div>\n<\/div>\n\n\n\n<div class=\"wp-block-buttons is-layout-flex wp-block-buttons-is-layout-flex\"><\/div>\n<\/div>\n<\/div>\n<\/div>\n\n\n\n<div class=\"wp-block-group alignfull has-tertiary-background-color has-background has-global-padding is-layout-constrained wp-container-core-group-is-layout-7276a2bb wp-block-group-is-layout-constrained\" id=\"o-nas\" style=\"margin-top:0;margin-bottom:0;padding-top:var(--wp--preset--spacing--60);padding-right:var(--wp--preset--spacing--30);padding-bottom:var(--wp--preset--spacing--60);padding-left:var(--wp--preset--spacing--30)\">\n<p>Klubov\u00fd poh\u00e1r<\/p>\n\n\n\n<div class=\"wp-block-buttons alignwide is-content-justification-center is-layout-flex wp-container-core-buttons-is-layout-a89b3969 wp-block-buttons-is-layout-flex\">\n<div class=\"wp-block-button\"><a class=\"wp-block-button__link wp-element-button\" href=\"https:\/\/www.klubsermusnina.sk\/klub\/wp-content\/uploads\/2025\/12\/KLUBOVY-POHAR-2025-2026-2.pdf\">Klubov\u00fd poh\u00e1r<\/a><\/div>\n\n\n\n<div class=\"wp-block-button\"><a class=\"wp-block-button__link wp-element-button\" href=\"https:\/\/www.klubsermusnina.sk\/klub\/wp-content\/uploads\/2025\/12\/Klubovy-Pohar-historia.pdf\">Hist\u00f3ria Klubov\u00e9ho poh\u00e1ra<\/a><\/div>\n\n\n\n<div class=\"wp-block-button\"><a class=\"wp-block-button__link wp-element-button\" href=\"https:\/\/www.klubsermusnina.sk\/klub\/wp-content\/uploads\/2025\/05\/NAJLEPSI-SERMIAR-2024-2025-b.pdf\">Najlep\u0161\u00ed \u0161ermiar<\/a><\/div>\n<\/div>\n\n\n\n<div class=\"wp-block-group is-layout-grid wp-container-core-group-is-layout-478b6e6b wp-block-group-is-layout-grid\">\n<div data-wp-interactive=\"core\/file\" class=\"wp-block-file\"><object data-wp-bind--hidden=\"!state.hasPdfPreview\" hidden class=\"wp-block-file__embed\" data=\"https:\/\/www.klubsermusnina.sk\/klub\/wp-content\/uploads\/2025\/12\/KLUBOVY-POHAR-2025-2026-2.pdf\" type=\"application\/pdf\" style=\"width:100%;height:270px\" aria-label=\"Vlo\u017ei\u0165 KLUBOV\u00dd POH\u00c1R 2025-2026.\"><\/object><a id=\"wp-block-file--media-60fb75ca-3e29-4cea-b994-89fabb0e0fe3\" href=\"https:\/\/www.klubsermusnina.sk\/klub\/wp-content\/uploads\/2025\/12\/KLUBOVY-POHAR-2025-2026-2.pdf\">KLUBOV\u00dd POH\u00c1R 2025-2026<\/a><a href=\"https:\/\/www.klubsermusnina.sk\/klub\/wp-content\/uploads\/2025\/12\/KLUBOVY-POHAR-2025-2026-2.pdf\" class=\"wp-block-file__button wp-element-button\" download aria-describedby=\"wp-block-file--media-60fb75ca-3e29-4cea-b994-89fabb0e0fe3\">Stiahnu\u0165<\/a><\/div>\n\n\n\n<div data-wp-interactive=\"core\/file\" class=\"wp-block-file\"><object data-wp-bind--hidden=\"!state.hasPdfPreview\" hidden class=\"wp-block-file__embed\" data=\"https:\/\/www.klubsermusnina.sk\/klub\/wp-content\/uploads\/2025\/12\/Klubovy-Pohar-historia.pdf\" type=\"application\/pdf\" style=\"width:100%;height:200px\" aria-label=\"Vlo\u017ei\u0165 Klubov\u00fd Poh\u00e1r hist\u00f3ria.\"><\/object><a id=\"wp-block-file--media-75fd4e1a-0ef6-45c5-8360-5d6936aecdd5\" href=\"https:\/\/www.klubsermusnina.sk\/klub\/wp-content\/uploads\/2025\/12\/Klubovy-Pohar-historia.pdf\">Klubov\u00fd Poh\u00e1r hist\u00f3ria<\/a><a href=\"https:\/\/www.klubsermusnina.sk\/klub\/wp-content\/uploads\/2025\/12\/Klubovy-Pohar-historia.pdf\" class=\"wp-block-file__button wp-element-button\" download aria-describedby=\"wp-block-file--media-75fd4e1a-0ef6-45c5-8360-5d6936aecdd5\">Stiahnu\u0165<\/a><\/div>\n\n\n\n<div class=\"wp-block-columns is-layout-flex wp-container-core-columns-is-layout-28f84493 wp-block-columns-is-layout-flex\">\n<div class=\"wp-block-column is-layout-flow wp-block-column-is-layout-flow\" style=\"flex-basis:100%\">\n<p><\/p>\n\n\n\n<div data-wp-interactive=\"core\/file\" class=\"wp-block-file\"><object data-wp-bind--hidden=\"!state.hasPdfPreview\" hidden class=\"wp-block-file__embed\" data=\"https:\/\/www.klubsermusnina.sk\/klub\/wp-content\/uploads\/2025\/05\/NAJLEPSI-SERMIAR-2024-2025-b.pdf\" type=\"application\/pdf\" style=\"width:100%;height:200px\" aria-label=\"Vlo\u017ei\u0165 NAJLEP\u0160\u00cd \u0160ERMIAR 2024-2025-b.\"><\/object><a id=\"wp-block-file--media-1c6df59c-e8b8-4f19-9fc9-aa6cf1801e46\" href=\"https:\/\/www.klubsermusnina.sk\/klub\/wp-content\/uploads\/2025\/05\/NAJLEPSI-SERMIAR-2024-2025-b.pdf\">NAJLEP\u0160\u00cd \u0160ERMIAR 2024-2025-b<\/a><a href=\"https:\/\/www.klubsermusnina.sk\/klub\/wp-content\/uploads\/2025\/05\/NAJLEPSI-SERMIAR-2024-2025-b.pdf\" class=\"wp-block-file__button wp-element-button\" download aria-describedby=\"wp-block-file--media-1c6df59c-e8b8-4f19-9fc9-aa6cf1801e46\">Stiahnu\u0165<\/a><\/div>\n<\/div>\n<\/div>\n<\/div>\n<\/div>\n\n\n\n<div class=\"wp-block-group alignfull has-tertiary-background-color has-background has-global-padding is-layout-constrained wp-container-core-group-is-layout-7276a2bb wp-block-group-is-layout-constrained\" id=\"referencie\" style=\"margin-top:0;margin-bottom:0;padding-top:var(--wp--preset--spacing--60);padding-right:var(--wp--preset--spacing--30);padding-bottom:var(--wp--preset--spacing--60);padding-left:var(--wp--preset--spacing--30)\">\n<div class=\"wp-block-group alignwide has-global-padding is-content-justification-center is-layout-constrained wp-block-group-is-layout-constrained\">\n<h3 class=\"wp-block-heading has-text-align-center\" style=\"margin-top:12px\">Spolo\u010dne budujeme silnej\u0161iu komunitu<\/h3>\n\n\n\n<p class=\"has-text-align-center\" style=\"margin-top:16px\">Na\u0161i klienti oce\u0148uj\u00fa v\u00fdnimo\u010dn\u00fa kvalitu slu\u017eieb a zdie\u013eaj\u00fa svoje pozit\u00edvne sk\u00fasenosti.<\/p>\n<\/div>\n\n\n\n<div class=\"wp-block-columns alignwide is-layout-flex wp-container-core-columns-is-layout-28f84493 wp-block-columns-is-layout-flex\">\n<div class=\"wp-block-column is-layout-flow wp-container-core-column-is-layout-8a368f38 wp-block-column-is-layout-flow\">\n<div class=\"wp-block-group has-background-background-color has-background has-global-padding is-layout-constrained wp-container-core-group-is-layout-f4cdaae3 wp-block-group-is-layout-constrained\" style=\"border-radius:20rem;padding-top:var(--wp--preset--spacing--70);padding-right:var(--wp--preset--spacing--40);padding-bottom:var(--wp--preset--spacing--70);padding-left:var(--wp--preset--spacing--40)\">\n<div class=\"wp-block-group is-vertical is-content-justification-center is-layout-flex wp-container-core-group-is-layout-a45d2cb9 wp-block-group-is-layout-flex\">\n<figure class=\"wp-block-image aligncenter is-style-rounded\"><img decoding=\"async\" src=\"https:\/\/www.klubsermusnina.sk\/klub\/wp-content\/uploads\/2025\/04\/e5bbe4b8b857be5930710d1694d9849b2e2a597f.jpg\" alt=\"\" class=\"wp-image-41\" style=\"aspect-ratio:1;object-fit:cover\"\/><\/figure>\n\n\n\n<div class=\"wp-block-group has-global-padding is-layout-constrained wp-block-group-is-layout-constrained\">\n<h4 class=\"wp-block-heading has-text-align-center has-medium-font-size\">Anna Nov\u00e1kov\u00e1<\/h4>\n\n\n\n<p class=\"has-text-align-center has-small-font-size\" style=\"margin-top:2px\">\u010clenka komunity<\/p>\n<\/div>\n<\/div>\n\n\n\n<p class=\"has-text-align-center has-small-font-size\">Slu\u017eby klubusermusnina naozaj zmenili m\u00f4j poh\u013ead na efekt\u00edvnu spolupr\u00e1cu a dosahovanie v\u00fdsledkov.<\/p>\n<\/div>\n<\/div>\n\n\n\n<div class=\"wp-block-column is-layout-flow wp-block-column-is-layout-flow\">\n<div class=\"wp-block-group has-background-background-color has-background has-global-padding is-layout-constrained wp-container-core-group-is-layout-f4cdaae3 wp-block-group-is-layout-constrained\" style=\"border-radius:20rem;padding-top:var(--wp--preset--spacing--70);padding-right:var(--wp--preset--spacing--40);padding-bottom:var(--wp--preset--spacing--70);padding-left:var(--wp--preset--spacing--40)\">\n<div class=\"wp-block-group is-vertical is-content-justification-center is-layout-flex wp-container-core-group-is-layout-a45d2cb9 wp-block-group-is-layout-flex\">\n<figure class=\"wp-block-image aligncenter is-style-rounded\"><img decoding=\"async\" src=\"https:\/\/www.klubsermusnina.sk\/klub\/wp-content\/uploads\/2025\/04\/852729abba59c8eaceb067a680eef2e6f5ec902f.jpg\" alt=\"\" class=\"wp-image-42\" style=\"aspect-ratio:1;object-fit:cover\"\/><\/figure>\n\n\n\n<div class=\"wp-block-group has-global-padding is-layout-constrained wp-block-group-is-layout-constrained\">\n<h4 class=\"wp-block-heading has-text-align-center has-medium-font-size\">Peter Horv\u00e1th<\/h4>\n\n\n\n<p class=\"has-text-align-center has-small-font-size\" style=\"margin-top:2px\">Organiz\u00e1tor podujat\u00ed<\/p>\n<\/div>\n<\/div>\n\n\n\n<p class=\"has-text-align-center has-small-font-size\">Profesion\u00e1lny pr\u00edstup t\u00edmu klubusermusnina a prec\u00edznos\u0165 ich pr\u00e1ce ma v\u017edy ohrom\u00ed.<\/p>\n<\/div>\n<\/div>\n\n\n\n<div class=\"wp-block-column is-layout-flow wp-block-column-is-layout-flow\">\n<div class=\"wp-block-group has-background-background-color has-background has-global-padding is-layout-constrained wp-container-core-group-is-layout-f4cdaae3 wp-block-group-is-layout-constrained\" style=\"border-radius:20rem;padding-top:var(--wp--preset--spacing--70);padding-right:var(--wp--preset--spacing--40);padding-bottom:var(--wp--preset--spacing--70);padding-left:var(--wp--preset--spacing--40)\">\n<div class=\"wp-block-group is-vertical is-content-justification-center is-layout-flex wp-container-core-group-is-layout-a45d2cb9 wp-block-group-is-layout-flex\">\n<figure class=\"wp-block-image aligncenter is-style-rounded\"><img decoding=\"async\" src=\"https:\/\/www.klubsermusnina.sk\/klub\/wp-content\/uploads\/2025\/04\/d2b1b6e4c916a30b9aa68e5a9dc4f703830cea88.jpg\" alt=\"\" class=\"wp-image-43\" style=\"aspect-ratio:1;object-fit:cover\"\/><\/figure>\n\n\n\n<div class=\"wp-block-group has-global-padding is-layout-constrained wp-block-group-is-layout-constrained\">\n<h4 class=\"wp-block-heading has-text-align-center has-medium-font-size\">Martina Kov\u00e1\u010dov\u00e1<\/h4>\n\n\n\n<p class=\"has-text-align-center has-small-font-size\" style=\"margin-top:2px\">Podnikate\u013eka a \u010dlenka klubu<\/p>\n<\/div>\n<\/div>\n\n\n\n<p class=\"has-text-align-center has-small-font-size\">Klubsermusnina mi priniesol nezabudnute\u013en\u00e9 z\u00e1\u017eitky a slu\u017eby, ktor\u00e9 odpor\u00fa\u010dam ka\u017ed\u00e9mu.<\/p>\n<\/div>\n<\/div>\n<\/div>\n<\/div>\n","protected":false},"excerpt":{"rendered":"<p>Tabu\u013eky REBR\u00cd\u010cKY Klubov\u00fd poh\u00e1r Spolo\u010dne budujeme silnej\u0161iu komunitu Na\u0161i klienti oce\u0148uj\u00fa v\u00fdnimo\u010dn\u00fa kvalitu slu\u017eieb a zdie\u013eaj\u00fa svoje pozit\u00edvne sk\u00fasenosti. Anna Nov\u00e1kov\u00e1 \u010clenka komunity Slu\u017eby klubusermusnina naozaj zmenili m\u00f4j poh\u013ead na [&hellip;]<\/p>\n","protected":false},"author":1,"featured_media":0,"parent":0,"menu_order":0,"comment_status":"closed","ping_status":"closed","template":"no-title","meta":{"_EventAllDay":false,"_EventTimezone":"","_EventStartDate":"","_EventEndDate":"","_EventStartDateUTC":"","_EventEndDateUTC":"","_EventShowMap":false,"_EventShowMapLink":false,"_EventURL":"","_EventCost":"","_EventCostDescription":"","_EventCurrencySymbol":"","_EventCurrencyCode":"","_EventCurrencyPosition":"","_EventDateTimeSeparator":"","_EventTimeRangeSeparator":"","_EventOrganizerID":[],"_EventVenueID":[],"_OrganizerEmail":"","_OrganizerPhone":"","_OrganizerWebsite":"","_VenueAddress":"","_VenueCity":"","_VenueCountry":"","_VenueProvince":"","_VenueState":"","_VenueZip":"","_VenuePhone":"","_VenueURL":"","_VenueStateProvince":"","_VenueLat":"","_VenueLng":"","_VenueShowMap":false,"_VenueShowMapLink":false,"footnotes":""},"class_list":["post-25","page","type-page","status-publish","hentry"],"aioseo_notices":[],"_links":{"self":[{"href":"https:\/\/www.klubsermusnina.sk\/klub\/wp-json\/wp\/v2\/pages\/25","targetHints":{"allow":["GET"]}}],"collection":[{"href":"https:\/\/www.klubsermusnina.sk\/klub\/wp-json\/wp\/v2\/pages"}],"about":[{"href":"https:\/\/www.klubsermusnina.sk\/klub\/wp-json\/wp\/v2\/types\/page"}],"author":[{"embeddable":true,"href":"https:\/\/www.klubsermusnina.sk\/klub\/wp-json\/wp\/v2\/users\/1"}],"replies":[{"embeddable":true,"href":"https:\/\/www.klubsermusnina.sk\/klub\/wp-json\/wp\/v2\/comments?post=25"}],"version-history":[{"count":20,"href":"https:\/\/www.klubsermusnina.sk\/klub\/wp-json\/wp\/v2\/pages\/25\/revisions"}],"predecessor-version":[{"id":405,"href":"https:\/\/www.klubsermusnina.sk\/klub\/wp-json\/wp\/v2\/pages\/25\/revisions\/405"}],"wp:attachment":[{"href":"https:\/\/www.klubsermusnina.sk\/klub\/wp-json\/wp\/v2\/media?parent=25"}],"curies":[{"name":"wp","href":"https:\/\/api.w.org\/{rel}","templated":true}]}}